1063
Calculate the remainder when 1334 is divided by 61.
53
What is the remainder when 9309 is divided by 4646?
17
Calculate the remainder when 17039 is divided by 5670.
29
Calculate the remainder when 33268 is divided by 456.
436
Calculate the remainder when 15209 is divided by 346.
331
Calculate the remainder when 1687063 is divided by 164.
159
What is the remainder when 4550 is divided by 1179?
1013
What is the remainder when 3946 is divided by 1308?
22
What is the remainder when 21585 is divided by 43?
42
Calculate the remainder when 559687 is divided by 485.
482
Calculate the remainder when 3397 is divided by 52.
17
What is the remainder when 15249 is divided by 101?
99
What is the remainder when 15883 is divided by 3961?
39
What is the remainder when 52208 is divided by 804?
752
What is the remainder when 152891 is divided by 411?
410
Calculate the remainder when 4538 is divided by 229.
187
What is the remainder when 2065 is divided by 419?
389
Calculate the remainder when 3258 is divided by 217.
3
Calculate the remainder when 49216 is divided by 245.
216
What is the remainder when 365299 is divided by 73044?
79
Calculate the remainder when 7882 is divided by 138.
16
What is the remainder when 147730 is divided by 39?
37
Calculate the remainder when 100990 is divided by 6.
4
Calculate the remainder when 33664 is divided by 27.
22
What is the remainder when 6923357 is divided by 40?
37
What is the remainder when 53972 is divided by 870?
32
What is the remainder when 10814 is divided by 1294?
462
What is the remainder when 1010 is divided by 312?
74
Calculate the remainder when 154586 is divided by 245.
236
What is the remainder when 3557 is divided by 316?
81
What is the remainder when 5334 is divided by 111?
6
What is the remainder when 1181090 is divided by 20?
10
What is the remainder when 210542 is divided by 28?
10
Calculate the remainder when 936317 is divided by 678.
677
Calculate the remainder when 6988 is divided by 36.
4
Calculate the remainder when 3439 is divided by 677.
54
What is the remainder when 54806 is divided by 27394?
18
What is the remainder when 150490 is divided by 75234?
22
Calculate the remainder when 1223 is divided by 206.
193
Calculate the remainder when 60617 is divided by 514.
479
What is the remainder when 479383 is divided by 795?
793
What is the remainder when 239104 is divided by 119547?
10
Calculate the remainder when 76399 is divided by 55.
4
What is the remainder when 1831 is divided by 610?
1
Calculate the remainder when 191012 is divided by 42.
38
What is the remainder when 138 is divided by 121?
17
What is the remainder when 2605 is divided by 525?
505
Calculate the remainder when 35462 is divided by 1223.
1218
What is the remainder when 670 is divided by 58?
32
What is the remainder when 39298 is divided by 165?
28
Calculate the remainder when 267271 is divided by 303.
25
Calculate the remainder when 2293 is divided by 56.
53
Calculate the remainder when 3485 is divided by 1531.
423
What is the remainder when 9350 is divided by 3040?
230
What is the remainder when 6815 is divided by 106?
31
What is the remainder when 19144 is divided by 2123?
37
Calculate the remainder when 592529 is divided by 592518.
11
What is the remainder when 10726 is divided by 93?
31
Calculate the remainder when 9216 is divided by 4422.
372
What is the remainder when 577136 is divided by 134?
132
Calculate the remainder when 5686 is divided by 114.
100
What is the remainder when 34331 is divided by 59?
52
What is the remainder when 19860 is divided by 8?
4
Calculate the remainder when 62345 is divided by 44.
41
Calculate the remainder when 26643 is divided by 64.
19
Calculate the remainder when 6830 is divided by 2191.
257
Calculate the remainder when 35541 is divided by 30.
21
What is the remainder when 8861 is divided by 465?
26
Calculate the remainder when 303762 is divided by 165.
162
What is the remainder when 142447 is divided by 18?
13
Calculate the remainder when 22171 is divided by 304.
283
What is the remainder when 128173 is divided by 72?
13
Calculate the remainder when 186797 is divided by 7783.
5
Calculate the remainder when 50217 is divided by 94.
21
Calculate the remainder when 2916974 is divided by 1691.
1690
What is the remainder when 373117 is divided by 62185?
7
What is the remainder when 430674 is divided by 42?
6
Calculate the remainder when 82048 is divided by 100.
48
Calculate the remainder when 243110 is divided by 50.
10
Calculate the remainder when 667773 is divided by 187.
183
What is the remainder when 44348 is divided by 10990?
388
Calculate the remainder when 29139 is divided by 235.
234
Calculate the remainder when 333293 is divided by 87.
83
What is the remainder when 313037 is divided by 31303?
7
What is the remainder when 518 is divided by 270?
248
What is the remainder when 31240 is divided by 15550?
140
What is the remainder when 28195 is divided by 317?
299
What is the remainder when 3198 is divided by 187?
19
Calculate the remainder when 58187 is divided by 51.
47
Calculate the remainder when 19154 is divided by 41.
7
What is the remainder when 7927 is divided by 3437?
1053
Calculate the remainder when 74268 is divided by 211.
207
Calculate the remainder when 23709 is divided by 57.
54
What is the remainder when 928 is divided by 496?
432
What is the remainder when 4049 is divided by 798?
59
Calculate the remainder when 27610 is divided by 117.
115
Calculate the remainder when 1405 is divided by 19.
18
Calculate the remainder when 4753 is divided by 907.
218
Calculate the remainder when 9069 is divided by 108.
105
Calculate the remainder when 50746 is divided by 203.
199
Calculate the remainder when 14955 is divided by 4974.
33
Calculate the remainder when 130143 is divided by 14.
13
Calculate the remainder when 2828 is divided by 2782.
46
What is the remainder when 60995 is divided by 30497?
1
Calculate the remainder when 12918 is divided by 346.
116
What is the remainder when 240044 is divided by 8?
4
Calculate the remainder when 22756 is divided by 7582.
10
What is the remainder when 185665 is divided by 20629?
4
Calculate the remainder when 11163 is divided by 68.
11
What is the remainder when 1528 is divided by 13?
7
Calculate the remainder when 436270 is divided by 173.
137
What is the remainder when 628 is divided by 13?
4
What is the remainder when 1997 is divided by 636?
89
What is the remainder when 303316 is divided by 27?
25
What is the remainder when 19326 is divided by 108?
102
What is the remainder when 764 is divided by 161?
120
What is the remainder when 9289 is divided by 1568?
1449
Calculate the remainder when 119354 is divided by 147.
137
What is the remainder when 2853772 is divided by 77?
75
What is the remainder when 49367 is divided by 88?
87
Calculate the remainder when 490 is divided by 293.
197
Calculate the remainder when 241197 is divided by 398.
9
What is the remainder when 82 is divided by 76?
6
What is the remainder when 5657 is divided by 34?
13
Calculate the remainder when 2314749 is divided by 274.
271
What is the remainder when 3887 is divided by 197?
144
Calculate the remainder when 738 is divided by 243.
9
Calculate the remainder when 214588 is divided by 30654.
10
What is the remainder when 742444 is divided by 71?
68
What is the remainder when 2638045 is divided by 129?
124
What is the remainder when 628 is divided by 620?
8
What is the remainder when 3012 is divided by 38?
10
What is the remainder when 4416 is divided by 709?
162
Calculate the remainder when 156599 is divided by 17.
12
Calculate the remainder when 50699 is divided by 502.
499
What is the remainder when 466455 is divided by 166?
161
What is the remainder when 26352 is divided by 462?
18
Calculate the remainder when 7441 is divided by 2270.
631
Calculate the remainder when 5611 is divided by 630.
571
Calculate the remainder when 319214 is divided by 23.
20
What is the remainder when 892505 is divided by 17?
5
What is the remainder when 29639 is divided by 312?
311
Calculate the remainder when 11027 is divided by 1089.
137
What is the remainder when 18581 is divided by 3711?
26
Calculate the remainder when 3708 is divided by 86.
10
Calculate the remainder when 2832 is divided